{"id":8449,"date":"2025-09-04T10:03:48","date_gmt":"2025-09-04T08:03:48","guid":{"rendered":"https:\/\/www.turismocampdeturia.es\/turis\/?page_id=8449"},"modified":"2025-09-04T10:45:50","modified_gmt":"2025-09-04T08:45:50","slug":"cata-sensorial-cerveza-artesanal-maridaje-gourmet-gastronomia","status":"publish","type":"page","link":"https:\/\/www.turismocampdeturia.es\/turis\/experiencias\/cata-sensorial-cerveza-artesanal-maridaje-gourmet-gastronomia\/","title":{"rendered":"Cata sensorial: La magia de la cerveza artesanal y el maridaje gourmet"},"content":{"rendered":"\n<figure class=\"wp-block-image alignfull size-full\"><img decoding=\"async\" width=\"1400\" height=\"675\" data-src=\"https:\/\/www.turismocampdeturia.es\/turis\/wp-content\/uploads\/2025\/09\/foto-portada-39-cata-sensorial.png\" alt=\"\" class=\"wp-image-8452 lazyload\" data-srcset=\"https:\/\/www.turismocampdeturia.es\/turis\/wp-content\/uploads\/2025\/09\/foto-portada-39-cata-sensorial.png 1400w, https:\/\/www.turismocampdeturia.es\/turis\/wp-content\/uploads\/2025\/09\/foto-portada-39-cata-sensorial-300x145.png 300w, https:\/\/www.turismocampdeturia.es\/turis\/wp-content\/uploads\/2025\/09\/foto-portada-39-cata-sensorial-768x370.png 768w, https:\/\/www.turismocampdeturia.es\/turis\/wp-content\/uploads\/2025\/09\/foto-portada-39-cata-sensorial-24x12.png 24w, https:\/\/www.turismocampdeturia.es\/turis\/wp-content\/uploads\/2025\/09\/foto-portada-39-cata-sensorial-48x23.png 48w, https:\/\/www.turismocampdeturia.es\/turis\/wp-content\/uploads\/2025\/09\/foto-portada-39-cata-sensorial-60x29.png 60w\" data-sizes=\"(max-width: 1400px) 100vw, 1400px\" src=\"data:image\/svg+xml;base64,PHN2ZyB3aWR0aD0iMSIgaGVpZ2h0PSIxIiB4bWxucz0iaHR0cDovL3d3dy53My5vcmcvMjAwMC9zdmciPjwvc3ZnPg==\" style=\"--smush-placeholder-width: 1400px; --smush-placeholder-aspect-ratio: 1400\/675;\" \/><\/figure>\n\n\n\n<div style=\"height:16px\" aria-hidden=\"true\" class=\"wp-block-spacer\"><\/div>\n\n\n\n<h1 class=\"wp-block-heading\" style=\"font-size:55px\"><strong>Cata sensorial: La magia de la cerveza artesanal y el maridaje gourmet<\/strong><\/h1>\n\n\n\n<p style=\"font-size:30px\">Men\u00fa Castillo de Benissan\u00f3<\/p>\n\n\n\n<div class=\"wp-block-media-text is-stacked-on-mobile is-vertically-aligned-top has-black-color has-text-color has-link-color wp-elements-086db8f7821efd85ff126a3fb3dc3719\" style=\"grid-template-columns:45% auto\"><figure class=\"wp-block-media-text__media\"><img decoding=\"async\" width=\"600\" height=\"800\" data-src=\"https:\/\/www.turismocampdeturia.es\/turis\/wp-content\/uploads\/2025\/09\/039-Cata-Sensorial-la-Magia-de-la-Cerveza-Artesanal-y-el-Maridaje-Gourmet.png\" alt=\"\" class=\"wp-image-8453 size-full lazyload\" data-srcset=\"https:\/\/www.turismocampdeturia.es\/turis\/wp-content\/uploads\/2025\/09\/039-Cata-Sensorial-la-Magia-de-la-Cerveza-Artesanal-y-el-Maridaje-Gourmet.png 600w, https:\/\/www.turismocampdeturia.es\/turis\/wp-content\/uploads\/2025\/09\/039-Cata-Sensorial-la-Magia-de-la-Cerveza-Artesanal-y-el-Maridaje-Gourmet-225x300.png 225w, https:\/\/www.turismocampdeturia.es\/turis\/wp-content\/uploads\/2025\/09\/039-Cata-Sensorial-la-Magia-de-la-Cerveza-Artesanal-y-el-Maridaje-Gourmet-18x24.png 18w, https:\/\/www.turismocampdeturia.es\/turis\/wp-content\/uploads\/2025\/09\/039-Cata-Sensorial-la-Magia-de-la-Cerveza-Artesanal-y-el-Maridaje-Gourmet-36x48.png 36w, https:\/\/www.turismocampdeturia.es\/turis\/wp-content\/uploads\/2025\/09\/039-Cata-Sensorial-la-Magia-de-la-Cerveza-Artesanal-y-el-Maridaje-Gourmet-45x60.png 45w\" data-sizes=\"(max-width: 600px) 100vw, 600px\" src=\"data:image\/svg+xml;base64,PHN2ZyB3aWR0aD0iMSIgaGVpZ2h0PSIxIiB4bWxucz0iaHR0cDovL3d3dy53My5vcmcvMjAwMC9zdmciPjwvc3ZnPg==\" style=\"--smush-placeholder-width: 600px; --smush-placeholder-aspect-ratio: 600\/800;\" \/><\/figure><div class=\"wp-block-media-text__content\">\n<p>Disfruta de una experiencia \u00fanica de cata con L\u00fapula Beer y Reb\u00f2 Restaurant! Descubre los secretos de la cerveza artesanal con una introducci\u00f3n a sus procesos y materias primas. Aprender\u00e1s a servir y degustar correctamente, disfrutando de tres de sus cervezas m\u00e1s destacadas, cada una maridada con tapas gourmet dise\u00f1adas por Reb\u00f2.<br>\u00a1Vive el arte de la cerveza y la gastronom\u00eda en una experiencia sensorial completa!<br>P\u00fablico al que va dirigido: Personas a partir de 18 a\u00f1os que tengan cierto gusto por la cerveza y que quieran aprender m\u00e1s sobre su origen, historia, procesos y vivir una experiencia alrededor del tema.<\/p>\n\n\n\n<p>Incluye<br>\u00b7 Introducci\u00f3n a la cerveza artesanal<br>\u00b7 Taller de servicio y degustaci\u00f3n<br>\u00b7 Cata de 3 cervezas artesanales<br>\u00b7 Degustaci\u00f3n 3 tapas<\/p>\n\n\n\n<p><\/p>\n\n\n\n<p>Bajo de manda de martes a sabado<\/p>\n\n\n\n<p>Reservas por tel\u00e9fono. Se pagar\u00e1 un porcentaje por adelantado en el momento de la reserva. Cancelaci\u00f3n gratuita 48h antes de la experiencia.<\/p>\n\n\n\n<p>25 \u20ac pax. Grupos de 15 a 25 personas.<\/p>\n\n\n\n<p><\/p>\n\n\n\n<p>Reb\u00f3 Restaurant:  960 81 29 48 \/ 601 98 87 71 |  reservarebo.restaurant@gmail.com<\/p>\n\n\n\n<p>L\u00fapula Beer: 617 34 59 27 | lupulabeer@gmail.com<\/p>\n<\/div><\/div>\n\n\n\n<div style=\"height:15px\" aria-hidden=\"true\" class=\"wp-block-spacer\"><\/div>\n\n\n\n<div class=\"wp-block-cover alignwide\" style=\"min-height:182px;aspect-ratio:unset;\"><span aria-hidden=\"true\" class=\"wp-block-cover__background has-background-dim-100 has-background-dim\" style=\"background-color:#014441\"><\/span><div class=\"wp-block-cover__inner-container is-layout-constrained wp-block-cover-is-layout-constrained\">\n<div class=\"wp-block-columns is-layout-flex wp-container-core-columns-is-layout-9d6595d7 wp-block-columns-is-layout-flex\">\n<div class=\"wp-block-column is-layout-flow wp-block-column-is-layout-flow\">\n<figure class=\"wp-block-image size-full is-resized\"><a href=\"#galeria\"><img decoding=\"async\" width=\"566\" height=\"264\" data-src=\"https:\/\/www.turismocampdeturia.es\/turis\/wp-content\/uploads\/2023\/11\/botgaleria.png\" alt=\"\" class=\"wp-image-184 lazyload\" style=\"--smush-placeholder-width: 566px; --smush-placeholder-aspect-ratio: 566\/264;width:auto;height:80px\" data-srcset=\"https:\/\/www.turismocampdeturia.es\/turis\/wp-content\/uploads\/2023\/11\/botgaleria.png 566w, https:\/\/www.turismocampdeturia.es\/turis\/wp-content\/uploads\/2023\/11\/botgaleria-300x140.png 300w, https:\/\/www.turismocampdeturia.es\/turis\/wp-content\/uploads\/2023\/11\/botgaleria-24x11.png 24w, https:\/\/www.turismocampdeturia.es\/turis\/wp-content\/uploads\/2023\/11\/botgaleria-48x22.png 48w, https:\/\/www.turismocampdeturia.es\/turis\/wp-content\/uploads\/2023\/11\/botgaleria-60x28.png 60w\" data-sizes=\"(max-width: 566px) 100vw, 566px\" src=\"data:image\/svg+xml;base64,PHN2ZyB3aWR0aD0iMSIgaGVpZ2h0PSIxIiB4bWxucz0iaHR0cDovL3d3dy53My5vcmcvMjAwMC9zdmciPjwvc3ZnPg==\" \/><\/a><\/figure>\n<\/div>\n\n\n\n<div class=\"wp-block-column is-layout-flow wp-block-column-is-layout-flow\">\n<figure class=\"wp-block-image size-full is-resized wp-duotone-purple-yellow\"><img decoding=\"async\" width=\"275\" height=\"138\" data-src=\"https:\/\/www.turismocampdeturia.es\/turis\/wp-content\/uploads\/2024\/11\/logo-video.png\" alt=\"\" class=\"wp-image-7743 lazyload\" style=\"--smush-placeholder-width: 275px; --smush-placeholder-aspect-ratio: 275\/138;width:auto;height:80px\" data-srcset=\"https:\/\/www.turismocampdeturia.es\/turis\/wp-content\/uploads\/2024\/11\/logo-video.png 275w, https:\/\/www.turismocampdeturia.es\/turis\/wp-content\/uploads\/2024\/11\/logo-video-24x12.png 24w, https:\/\/www.turismocampdeturia.es\/turis\/wp-content\/uploads\/2024\/11\/logo-video-48x24.png 48w, https:\/\/www.turismocampdeturia.es\/turis\/wp-content\/uploads\/2024\/11\/logo-video-60x30.png 60w\" data-sizes=\"(max-width: 275px) 100vw, 275px\" src=\"data:image\/svg+xml;base64,PHN2ZyB3aWR0aD0iMSIgaGVpZ2h0PSIxIiB4bWxucz0iaHR0cDovL3d3dy53My5vcmcvMjAwMC9zdmciPjwvc3ZnPg==\" \/><\/figure>\n<\/div>\n\n\n\n<div class=\"wp-block-column is-layout-flow wp-block-column-is-layout-flow\">\n<figure class=\"wp-block-image size-full is-resized wp-duotone-purple-yellow\"><a href=\"#horario\"><img decoding=\"async\" width=\"342\" height=\"139\" data-src=\"https:\/\/www.turismocampdeturia.es\/turis\/wp-content\/uploads\/2024\/11\/contacto.png\" alt=\"\" class=\"wp-image-7744 lazyload\" style=\"--smush-placeholder-width: 342px; --smush-placeholder-aspect-ratio: 342\/139;width:auto;height:80px\" data-srcset=\"https:\/\/www.turismocampdeturia.es\/turis\/wp-content\/uploads\/2024\/11\/contacto.png 342w, https:\/\/www.turismocampdeturia.es\/turis\/wp-content\/uploads\/2024\/11\/contacto-300x122.png 300w, https:\/\/www.turismocampdeturia.es\/turis\/wp-content\/uploads\/2024\/11\/contacto-24x10.png 24w, https:\/\/www.turismocampdeturia.es\/turis\/wp-content\/uploads\/2024\/11\/contacto-48x20.png 48w, https:\/\/www.turismocampdeturia.es\/turis\/wp-content\/uploads\/2024\/11\/contacto-60x24.png 60w\" data-sizes=\"(max-width: 342px) 100vw, 342px\" src=\"data:image\/svg+xml;base64,PHN2ZyB3aWR0aD0iMSIgaGVpZ2h0PSIxIiB4bWxucz0iaHR0cDovL3d3dy53My5vcmcvMjAwMC9zdmciPjwvc3ZnPg==\" \/><\/a><\/figure>\n<\/div>\n\n\n\n<div class=\"wp-block-column is-layout-flow wp-block-column-is-layout-flow\">\n<figure class=\"wp-block-image size-full is-resized wp-duotone-purple-yellow\"><a href=\"https:\/\/www.google.com\/maps?rlz=1C1GCEU_esES1082ES1082&amp;gs_lcrp=EgZjaHJvbWUyCQgAEEUYORiABDIHCAEQABjvBTIKCAIQABiABBiiBDIKCAMQABiABBiiBDIKCAQQABiABBiiBDIHCAUQABjvBdIBCDI5MjdqMGo3qAIIsAIB&amp;um=1&amp;ie=UTF-8&amp;fb=1&amp;gl=es&amp;sa=X&amp;geocode=KfN3tcEJWWANMcaugV_L5OWV&amp;daddr=Carrer+Rei+en+Jaume,+2,+46190+Riba-roja+de+T%C3%BAria,+Valencia\" target=\"_blank\" rel=\" noreferrer noopener\"><img decoding=\"async\" width=\"788\" height=\"284\" data-src=\"https:\/\/www.turismocampdeturia.es\/turis\/wp-content\/uploads\/2023\/11\/botcomollegar.png\" alt=\"\" class=\"wp-image-186 lazyload\" style=\"--smush-placeholder-width: 788px; --smush-placeholder-aspect-ratio: 788\/284;width:auto;height:80px\" data-srcset=\"https:\/\/www.turismocampdeturia.es\/turis\/wp-content\/uploads\/2023\/11\/botcomollegar.png 788w, https:\/\/www.turismocampdeturia.es\/turis\/wp-content\/uploads\/2023\/11\/botcomollegar-300x108.png 300w, https:\/\/www.turismocampdeturia.es\/turis\/wp-content\/uploads\/2023\/11\/botcomollegar-768x277.png 768w, https:\/\/www.turismocampdeturia.es\/turis\/wp-content\/uploads\/2023\/11\/botcomollegar-24x9.png 24w, https:\/\/www.turismocampdeturia.es\/turis\/wp-content\/uploads\/2023\/11\/botcomollegar-48x17.png 48w, https:\/\/www.turismocampdeturia.es\/turis\/wp-content\/uploads\/2023\/11\/botcomollegar-60x22.png 60w\" data-sizes=\"(max-width: 788px) 100vw, 788px\" src=\"data:image\/svg+xml;base64,PHN2ZyB3aWR0aD0iMSIgaGVpZ2h0PSIxIiB4bWxucz0iaHR0cDovL3d3dy53My5vcmcvMjAwMC9zdmciPjwvc3ZnPg==\" \/><\/a><\/figure>\n<\/div>\n<\/div>\n<\/div><\/div>\n\n\n\n<div style=\"height:36px\" aria-hidden=\"true\" class=\"wp-block-spacer\"><\/div>\n\n\n\n<h2 class=\"wp-block-heading has-text-color has-link-color wp-elements-df89ef74149ef52da1a56b0da1ec1c7e\" id=\"galeria\" style=\"color:#014441\">Galer\u00eda<\/h2>\n\n\n\n<figure class=\"wp-block-gallery has-nested-images columns-4 is-cropped wp-block-gallery-1 is-layout-flex wp-block-gallery-is-layout-flex\">\n<figure data-wp-context=\"{&quot;imageId&quot;:&quot;69e39dbe4e1ad&quot;}\" data-wp-interactive=\"core\/image\" data-wp-key=\"69e39dbe4e1ad\" class=\"wp-block-image size-full wp-lightbox-container\"><img decoding=\"async\" width=\"1400\" height=\"675\" data-wp-class--hide=\"state.isContentHidden\" data-wp-class--show=\"state.isContentVisible\" data-wp-init=\"callbacks.setButtonStyles\" data-wp-on--click=\"actions.showLightbox\" data-wp-on--load=\"callbacks.setButtonStyles\" data-wp-on-window--resize=\"callbacks.setButtonStyles\" data-id=\"8452\" data-src=\"https:\/\/www.turismocampdeturia.es\/turis\/wp-content\/uploads\/2025\/09\/foto-portada-39-cata-sensorial.png\" alt=\"\" class=\"wp-image-8452 lazyload\" data-srcset=\"https:\/\/www.turismocampdeturia.es\/turis\/wp-content\/uploads\/2025\/09\/foto-portada-39-cata-sensorial.png 1400w, https:\/\/www.turismocampdeturia.es\/turis\/wp-content\/uploads\/2025\/09\/foto-portada-39-cata-sensorial-300x145.png 300w, https:\/\/www.turismocampdeturia.es\/turis\/wp-content\/uploads\/2025\/09\/foto-portada-39-cata-sensorial-768x370.png 768w, https:\/\/www.turismocampdeturia.es\/turis\/wp-content\/uploads\/2025\/09\/foto-portada-39-cata-sensorial-24x12.png 24w, https:\/\/www.turismocampdeturia.es\/turis\/wp-content\/uploads\/2025\/09\/foto-portada-39-cata-sensorial-48x23.png 48w, https:\/\/www.turismocampdeturia.es\/turis\/wp-content\/uploads\/2025\/09\/foto-portada-39-cata-sensorial-60x29.png 60w\" data-sizes=\"(max-width: 1400px) 100vw, 1400px\" src=\"data:image\/svg+xml;base64,PHN2ZyB3aWR0aD0iMSIgaGVpZ2h0PSIxIiB4bWxucz0iaHR0cDovL3d3dy53My5vcmcvMjAwMC9zdmciPjwvc3ZnPg==\" style=\"--smush-placeholder-width: 1400px; --smush-placeholder-aspect-ratio: 1400\/675;\" \/><button\n\t\t\tclass=\"lightbox-trigger\"\n\t\t\ttype=\"button\"\n\t\t\taria-haspopup=\"dialog\"\n\t\t\taria-label=\"Agrandar\"\n\t\t\tdata-wp-init=\"callbacks.initTriggerButton\"\n\t\t\tdata-wp-on--click=\"actions.showLightbox\"\n\t\t\tdata-wp-style--right=\"state.imageButtonRight\"\n\t\t\tdata-wp-style--top=\"state.imageButtonTop\"\n\t\t>\n\t\t\t<svg xmlns=\"http:\/\/www.w3.org\/2000\/svg\" width=\"12\" height=\"12\" fill=\"none\" viewBox=\"0 0 12 12\">\n\t\t\t\t<path fill=\"#fff\" d=\"M2 0a2 2 0 0 0-2 2v2h1.5V2a.5.5 0 0 1 .5-.5h2V0H2Zm2 10.5H2a.5.5 0 0 1-.5-.5V8H0v2a2 2 0 0 0 2 2h2v-1.5ZM8 12v-1.5h2a.5.5 0 0 0 .5-.5V8H12v2a2 2 0 0 1-2 2H8Zm2-12a2 2 0 0 1 2 2v2h-1.5V2a.5.5 0 0 0-.5-.5H8V0h2Z\" \/>\n\t\t\t<\/svg>\n\t\t<\/button><\/figure>\n\n\n\n<figure class=\"wp-block-image size-full\"><a href=\"https:\/\/www.turismocampdeturia.es\/turis\/wp-content\/uploads\/2025\/09\/039-Cata-Sensorial-la-Magia-de-la-Cerveza-Artesanal-y-el-Maridaje-Gourmet.png\"><img decoding=\"async\" width=\"600\" height=\"800\" data-id=\"8453\" data-src=\"https:\/\/www.turismocampdeturia.es\/turis\/wp-content\/uploads\/2025\/09\/039-Cata-Sensorial-la-Magia-de-la-Cerveza-Artesanal-y-el-Maridaje-Gourmet.png\" alt=\"\" class=\"wp-image-8453 lazyload\" data-srcset=\"https:\/\/www.turismocampdeturia.es\/turis\/wp-content\/uploads\/2025\/09\/039-Cata-Sensorial-la-Magia-de-la-Cerveza-Artesanal-y-el-Maridaje-Gourmet.png 600w, https:\/\/www.turismocampdeturia.es\/turis\/wp-content\/uploads\/2025\/09\/039-Cata-Sensorial-la-Magia-de-la-Cerveza-Artesanal-y-el-Maridaje-Gourmet-225x300.png 225w, https:\/\/www.turismocampdeturia.es\/turis\/wp-content\/uploads\/2025\/09\/039-Cata-Sensorial-la-Magia-de-la-Cerveza-Artesanal-y-el-Maridaje-Gourmet-18x24.png 18w, https:\/\/www.turismocampdeturia.es\/turis\/wp-content\/uploads\/2025\/09\/039-Cata-Sensorial-la-Magia-de-la-Cerveza-Artesanal-y-el-Maridaje-Gourmet-36x48.png 36w, https:\/\/www.turismocampdeturia.es\/turis\/wp-content\/uploads\/2025\/09\/039-Cata-Sensorial-la-Magia-de-la-Cerveza-Artesanal-y-el-Maridaje-Gourmet-45x60.png 45w\" data-sizes=\"(max-width: 600px) 100vw, 600px\" src=\"data:image\/svg+xml;base64,PHN2ZyB3aWR0aD0iMSIgaGVpZ2h0PSIxIiB4bWxucz0iaHR0cDovL3d3dy53My5vcmcvMjAwMC9zdmciPjwvc3ZnPg==\" style=\"--smush-placeholder-width: 600px; --smush-placeholder-aspect-ratio: 600\/800;\" \/><\/a><\/figure>\n\n\n\n<figure class=\"wp-block-image size-full\"><a href=\"https:\/\/www.turismocampdeturia.es\/turis\/wp-content\/uploads\/2025\/09\/039-Cata-Sensorial-la-Magia-de-la-Cerveza-Artesanal-y-el-Maridaje-Gourmet-1.png\"><img decoding=\"async\" width=\"600\" height=\"874\" data-id=\"8454\" data-src=\"https:\/\/www.turismocampdeturia.es\/turis\/wp-content\/uploads\/2025\/09\/039-Cata-Sensorial-la-Magia-de-la-Cerveza-Artesanal-y-el-Maridaje-Gourmet-1.png\" alt=\"\" class=\"wp-image-8454 lazyload\" data-srcset=\"https:\/\/www.turismocampdeturia.es\/turis\/wp-content\/uploads\/2025\/09\/039-Cata-Sensorial-la-Magia-de-la-Cerveza-Artesanal-y-el-Maridaje-Gourmet-1.png 600w, https:\/\/www.turismocampdeturia.es\/turis\/wp-content\/uploads\/2025\/09\/039-Cata-Sensorial-la-Magia-de-la-Cerveza-Artesanal-y-el-Maridaje-Gourmet-1-206x300.png 206w, https:\/\/www.turismocampdeturia.es\/turis\/wp-content\/uploads\/2025\/09\/039-Cata-Sensorial-la-Magia-de-la-Cerveza-Artesanal-y-el-Maridaje-Gourmet-1-16x24.png 16w, https:\/\/www.turismocampdeturia.es\/turis\/wp-content\/uploads\/2025\/09\/039-Cata-Sensorial-la-Magia-de-la-Cerveza-Artesanal-y-el-Maridaje-Gourmet-1-33x48.png 33w, https:\/\/www.turismocampdeturia.es\/turis\/wp-content\/uploads\/2025\/09\/039-Cata-Sensorial-la-Magia-de-la-Cerveza-Artesanal-y-el-Maridaje-Gourmet-1-41x60.png 41w\" data-sizes=\"(max-width: 600px) 100vw, 600px\" src=\"data:image\/svg+xml;base64,PHN2ZyB3aWR0aD0iMSIgaGVpZ2h0PSIxIiB4bWxucz0iaHR0cDovL3d3dy53My5vcmcvMjAwMC9zdmciPjwvc3ZnPg==\" style=\"--smush-placeholder-width: 600px; --smush-placeholder-aspect-ratio: 600\/874;\" \/><\/a><\/figure>\n\n\n\n<figure class=\"wp-block-image size-full\"><a href=\"https:\/\/www.turismocampdeturia.es\/turis\/wp-content\/uploads\/2025\/09\/039-Cata-Sensorial-la-Magia-de-la-Cerveza-Artesanal-y-el-Maridaje-Gourmet-4.png\"><img decoding=\"async\" width=\"600\" height=\"450\" data-id=\"8456\" data-src=\"https:\/\/www.turismocampdeturia.es\/turis\/wp-content\/uploads\/2025\/09\/039-Cata-Sensorial-la-Magia-de-la-Cerveza-Artesanal-y-el-Maridaje-Gourmet-4.png\" alt=\"\" class=\"wp-image-8456 lazyload\" data-srcset=\"https:\/\/www.turismocampdeturia.es\/turis\/wp-content\/uploads\/2025\/09\/039-Cata-Sensorial-la-Magia-de-la-Cerveza-Artesanal-y-el-Maridaje-Gourmet-4.png 600w, https:\/\/www.turismocampdeturia.es\/turis\/wp-content\/uploads\/2025\/09\/039-Cata-Sensorial-la-Magia-de-la-Cerveza-Artesanal-y-el-Maridaje-Gourmet-4-300x225.png 300w, https:\/\/www.turismocampdeturia.es\/turis\/wp-content\/uploads\/2025\/09\/039-Cata-Sensorial-la-Magia-de-la-Cerveza-Artesanal-y-el-Maridaje-Gourmet-4-24x18.png 24w, https:\/\/www.turismocampdeturia.es\/turis\/wp-content\/uploads\/2025\/09\/039-Cata-Sensorial-la-Magia-de-la-Cerveza-Artesanal-y-el-Maridaje-Gourmet-4-48x36.png 48w, https:\/\/www.turismocampdeturia.es\/turis\/wp-content\/uploads\/2025\/09\/039-Cata-Sensorial-la-Magia-de-la-Cerveza-Artesanal-y-el-Maridaje-Gourmet-4-60x45.png 60w\" data-sizes=\"(max-width: 600px) 100vw, 600px\" src=\"data:image\/svg+xml;base64,PHN2ZyB3aWR0aD0iMSIgaGVpZ2h0PSIxIiB4bWxucz0iaHR0cDovL3d3dy53My5vcmcvMjAwMC9zdmciPjwvc3ZnPg==\" style=\"--smush-placeholder-width: 600px; --smush-placeholder-aspect-ratio: 600\/450;\" \/><\/a><\/figure>\n<\/figure>\n\n\n\n<div style=\"height:57px\" aria-hidden=\"true\" class=\"wp-block-spacer\"><\/div>\n\n\n\n<div class=\"wp-block-cover\" style=\"min-height:272px;aspect-ratio:unset;\"><span aria-hidden=\"true\" class=\"wp-block-cover__background has-background-dim-100 has-background-dim\" style=\"background-color:#014441\"><\/span><div class=\"wp-block-cover__inner-container is-layout-constrained wp-block-cover-is-layout-constrained\">\n<div class=\"wp-block-columns is-layout-flex wp-container-core-columns-is-layout-9d6595d7 wp-block-columns-is-layout-flex\">\n<div class=\"wp-block-column is-layout-flow wp-block-column-is-layout-flow\">\n<h2 class=\"wp-block-heading has-text-align-left\" id=\"horario\">Contacto<\/h2>\n\n\n\n<p class=\"has-white-color has-text-color has-link-color wp-elements-4b9d0588ce21c4bfa59167d974c11539\">Reb\u00f3 Restaurant:  960 81 29 48 \/ 601 98 87 71 |  reservarebo.restaurant@gmail.com<\/p>\n\n\n\n<p>L\u00fapula Beer: 617 34 59 27 | lupulabeer@gmail.com<\/p>\n<\/div>\n<\/div>\n<\/div><\/div>\n\n\n\n<div style=\"height:53px\" aria-hidden=\"true\" class=\"wp-block-spacer\"><\/div>\n\n\n\n<div style=\"height:35px\" aria-hidden=\"true\" class=\"wp-block-spacer\"><\/div>\n\n\n\n<div class=\"wp-block-columns is-layout-flex wp-container-core-columns-is-layout-9d6595d7 wp-block-columns-is-layout-flex\">\n<div class=\"wp-block-column is-layout-flow wp-block-column-is-layout-flow\">\n<figure class=\"wp-block-image size-full is-resized\"><img decoding=\"async\" width=\"800\" height=\"600\" data-src=\"https:\/\/www.turismocampdeturia.es\/turis\/wp-content\/uploads\/2023\/11\/logomini.png\" alt=\"\" class=\"wp-image-27 lazyload\" style=\"--smush-placeholder-width: 800px; --smush-placeholder-aspect-ratio: 800\/600;width:220px\" data-srcset=\"https:\/\/www.turismocampdeturia.es\/turis\/wp-content\/uploads\/2023\/11\/logomini.png 800w, https:\/\/www.turismocampdeturia.es\/turis\/wp-content\/uploads\/2023\/11\/logomini-300x225.png 300w, https:\/\/www.turismocampdeturia.es\/turis\/wp-content\/uploads\/2023\/11\/logomini-768x576.png 768w, https:\/\/www.turismocampdeturia.es\/turis\/wp-content\/uploads\/2023\/11\/logomini-24x18.png 24w, https:\/\/www.turismocampdeturia.es\/turis\/wp-content\/uploads\/2023\/11\/logomini-48x36.png 48w, https:\/\/www.turismocampdeturia.es\/turis\/wp-content\/uploads\/2023\/11\/logomini-60x45.png 60w\" data-sizes=\"(max-width: 800px) 100vw, 800px\" src=\"data:image\/svg+xml;base64,PHN2ZyB3aWR0aD0iMSIgaGVpZ2h0PSIxIiB4bWxucz0iaHR0cDovL3d3dy53My5vcmcvMjAwMC9zdmciPjwvc3ZnPg==\" \/><\/figure>\n<\/div>\n\n\n\n<div class=\"wp-block-column is-layout-flow wp-block-column-is-layout-flow\"><\/div>\n\n\n\n<div class=\"wp-block-column is-layout-flow wp-block-column-is-layout-flow\"><\/div>\n<\/div>\n","protected":false},"excerpt":{"rendered":"<p>Cata sensorial: La magia de la cerveza artesanal y el maridaje gourmet Men\u00fa Castillo de Benissan\u00f3 Disfruta de una experiencia \u00fanica de cata con L\u00fapula Beer y Reb\u00f2 Restaurant! Descubre los secretos<a class=\"moretag\" href=\"https:\/\/www.turismocampdeturia.es\/turis\/experiencias\/cata-sensorial-cerveza-artesanal-maridaje-gourmet-gastronomia\/\">Leer m\u00e1s&#8230;<\/a><\/p>\n","protected":false},"author":1,"featured_media":0,"parent":5561,"menu_order":0,"comment_status":"closed","ping_status":"closed","template":"","meta":{"footnotes":""},"class_list":["post-8449","page","type-page","status-publish","hentry"],"_links":{"self":[{"href":"https:\/\/www.turismocampdeturia.es\/turis\/wp-json\/wp\/v2\/pages\/8449","targetHints":{"allow":["GET"]}}],"collection":[{"href":"https:\/\/www.turismocampdeturia.es\/turis\/wp-json\/wp\/v2\/pages"}],"about":[{"href":"https:\/\/www.turismocampdeturia.es\/turis\/wp-json\/wp\/v2\/types\/page"}],"author":[{"embeddable":true,"href":"https:\/\/www.turismocampdeturia.es\/turis\/wp-json\/wp\/v2\/users\/1"}],"replies":[{"embeddable":true,"href":"https:\/\/www.turismocampdeturia.es\/turis\/wp-json\/wp\/v2\/comments?post=8449"}],"version-history":[{"count":2,"href":"https:\/\/www.turismocampdeturia.es\/turis\/wp-json\/wp\/v2\/pages\/8449\/revisions"}],"predecessor-version":[{"id":8457,"href":"https:\/\/www.turismocampdeturia.es\/turis\/wp-json\/wp\/v2\/pages\/8449\/revisions\/8457"}],"up":[{"embeddable":true,"href":"https:\/\/www.turismocampdeturia.es\/turis\/wp-json\/wp\/v2\/pages\/5561"}],"wp:attachment":[{"href":"https:\/\/www.turismocampdeturia.es\/turis\/wp-json\/wp\/v2\/media?parent=8449"}],"curies":[{"name":"wp","href":"https:\/\/api.w.org\/{rel}","templated":true}]}}